 greatest common divisor of o and 68.
4
Let q be -1 + 5 + (0 - -2). Suppose 2*z = -2 + q. Suppose 114 = 3*d + z*m, -3*d + m - 2*m = -114. What is the highest common divisor of d and 57?
19
Suppose -u + 7*p = 4*p - 106, -4*p = u - 141. Let x = 5 + 6. What is the greatest common factor of x and u?
11
Suppose -341*q + 30 = -338*q. What is the greatest common divisor of 4 and q?
2
Suppose 8*t + 8 = 40. Suppose -2*v = -4*p + 218, -p = p + t*v - 104. Suppose m + b = 6*m - 25, 2*m = -b + 17. What is the highest common divisor of m and p?
6
Let l be (273/14)/(3/40). What is the greatest common divisor of 20 and l?
20
Let m(x) = x + 10. Let p be m(-10). Suppose p = -3*n + n + 4. Let r be (24 + -2)*3/n. Calculate the highest common factor of 22 and r.
11
Let f be ((-6)/(-9))/((-10)/45). Let z(j) = -9*j - 19. Let x be z(f). What is the highest common divisor of x and 20?
4
Suppose -y = -4*y + 3. Suppose 5*w + 332 = -73. Let r be -1*(w + 1)*y. What is the highest common divisor of 16 and r?
16
Let d = 47 - 44. Suppose -3*x - b = -14 + d, 2*b = -2*x + 14. Calculate the highest common factor of 4 and x.
2
Let d be 2 - ((36 - -3) + (-1 - -1)). Let c = 67 + d. Let g(o) = -19*o + 3. Let f be g(-3). Calculate the highest common divisor of c and f.
30
Suppose -5*l = -2*m + 2 + 4, 5*l = m - 3. Suppose -3*y = m*g - g - 66, 5*g = y - 39. Calculate the highest common divisor of 216 and y.
24
Let o(q) = -14*q. Let a be o(-2). Let y(h) = -28*h - 1701. Let k be y(-61). Calculate the highest common divisor of k and a.
7
Let y be 2 + -5 + -2 + 29. Let z be 301/5 + (-2)/(-20)*-2. What is the highest common divisor of z and y?
12
Let i be ((-30)/25)/((-1)/((-10)/(-4))). Suppose -3*v + 52 = 2*n, -i*n - 2*n - 95 = -5*v. Calculate the greatest common divisor of v and 36.
18
Suppose -3*c = 23 - 29. What is the greatest common factor of c and 1?
1
Suppose -3*y = -3, -4*k + 61 = -3*k - 3*y. Calculate the highest common factor of k and 160.
32
Let g = 70 - -51. Let v(l) = -2*l**2 + 15*l - 5. Let d be v(7). Let n(w) = -w + 13. Let a be n(d). Calculate the greatest common divisor of g and a.
11
Let m = 712 - 708. Suppose 5*o - 36 = 2*o. Calculate the highest common divisor of m and o.
4
Let r(c) = 5*c + 34. Let q be r(-8). Let x be (-1280)/(-60) + ((-4)/q - 0). Calculate the highest common factor of 154 and x.
22
Suppose 2*q - 134 = -4*m, -5*m + q + 178 = -0*m. Let g = m + -27. Calculate the highest common factor of 24 and g.
8
Suppose -d - 3*y + 14 = -4*y, d + 5*y = -16. Suppose -5*q + 49 = d. Calculate the highest common divisor of 20 and q.
4
Suppose 0 = 2*p + u - 5 - 0, -5*u - 19 = -p. Let t be p*9/6 + -3. Let n = 25 + -13. Calculate the greatest common divisor of t and n.
3
Suppose 109*v = 74*v + 31780. What is the greatest common factor of 4 and v?
4
Let s be -4*(6/(-2))/(27/99). Let r be (-30)/(-8) + 3/12. What is the greatest common divisor of r and s?
4
Let h(g) = 63*g - 141. Let b be h(8). Calculate the highest common factor of b and 3.
3
Let h(o) = 7*o + 1 + 5*o + 4 + 15*o. Let g be h(5). Suppose 0 = -4*q + 139 - 27. Calculate the highest common factor of q and g.
28
Let a(d) = 2*d**2 + 11*d - 30. Let v = -47 + 37. Let g be a(v). Calculate the highest common divisor of 12 and g.
12
Suppose 2*s - 3*s + u = -3, 5*s - 2*u - 21 = 0. Let z be 1/(0 - 3/6). Let h be z*(-10)/8*22. Calculate the greatest common divisor of s and h.
5
Suppose -3*f + 2*f - 354 = 5*y, 3*f = 3*y + 198. Let k = y - -79. Let b(t) = -t**2 - 7*t - 3. Let n be b(-6). What is the greatest common divisor of n and k?
3
Suppose 0 = 5*y - 6*y - 18. Let h be -15*(y/(-15) + -2). Suppose -5*q - 37 = -517. Calculate the highest common divisor of h and q.
12
Suppose 10*f = 4*f. Suppose f = 5*s + 2*x - 43, s + 0 = -5*x + 4. Let j(v) = 2*v**2 - 1. Let i be j(-1). Calculate the greatest common factor of i and s.
1
Let o(i) = i + 2. Suppose 0*z + 12 = 4*z. Suppose 9 = 3*p + 3*m - 6, 29 = 5*p + z*m. Let t be o(p). What is the highest common factor of t and 99?
9
Let v(d) = -9*d**2 + 0 + 3*d + 4*d**2 + 6 + 4*d**2. Let b be v(4). What is the highest common factor of b and 8?
2
Let h = 2141 - 1153. Calculate the highest common divisor of 76 and h.
76
Suppose 0 = -3*d + 9, -v + d + 4 = 3. Suppose v*j + 21 = 7*j. Let l = 66 + -31. What is the greatest common factor of j and l?
7
Let l = -1473 + 1704. Calculate the greatest common divisor of 147 and l.
21
Let r be (-55)/5 - -1229 - 8. What is the highest common divisor of r and 10?
10
Suppose -5*b + 23 - 3 = 0, 2*l - b - 694 = 0. Let u = l - 188. Suppose n = 4*q + 35, -83 = -n - 3*n - 3*q. Calculate the highest common factor of n and u.
23
Suppose 15*u - 114 = -4*u. Calculate the greatest common factor of u and 45.
3
Let j = 1243 + -1230. What is the highest common factor of j and 31?
1
Suppose p = 1 + 15. Suppose 0 = 9*d - 8*d - 144. Suppose -d = -3*m + 240. What is the greatest common factor of p and m?
16
Let l(k) be the third derivative of -k**5/60 + k**4/2 + k**3/2 + 7*k**2. Let m be l(9). Suppose 9*h + 75 = 14*h. What is the greatest common factor of h and m?
15
Let d(h) = h + 7. Let i be d(7). Suppose 3*r - 4 = i. Calculate the highest common divisor of r and 18.
6
Let o = 15 - 3. Suppose z = -o + 18. What is the highest common divisor of 6 and z?
6
Let t(c) = -c**2 + c + 126. Let l be t(0). Suppose -28*p = -35*p + 126. Calculate the highest common divisor of l and p.
18
Suppose -2*q = 9*q - 7238. What is the highest common factor of q and 14?
14
Let m be ((-852)/(-8))/(-12*(-5)/40). Calculate the highest common divisor of 71 and m.
71
Let r = -2 + 3. Suppose 20 = 2*y - 4*n + 2, 5*y - 3*n = 24. Let g = r + y. Calculate the highest common factor of 36 and g.
4
Let t = 280 - 164. Let o = t + -29. Let w = 192 - o. Calculate the highest common factor of 15 and w.
15
Let n be 30/(-40)*-10*(-36)/(-2). What is the greatest common factor of n and 75?
15
Suppose -2*s = -0*s - 160. What is the greatest common divisor of 48 and s?
16
Suppose -16 = -d + 5*d, u - 3*d + 67 = 0. Let t = 95 + u. Calculate the highest common factor of t and 128.
16
Suppose 5*d - 64 = d + 4*o, -71 = -4*d - 3*o. Calculate the greatest common factor of d and 34.
17
Let a = 2083 - 1643. What is the highest common divisor of a and 275?
55
Suppose 5*d + 136 = 1291. Let r(l) = 18*l**2 + 105*l + 15. Let i be r(-6). Calculate the greatest common factor of i and d.
33
Suppose -4*g + 2*x = -0*g - 6, -x = 2*g + 3. Suppose g = 2*s + 1 - 7. Let z be (31 + s)/2 - 0. Calculate the greatest common divisor of z and 85.
17
Let o = 574 - 412. Calculate the greatest common factor of 216 and o.
54
Let f(g) = -37*g - 469. Let j be f(-14). Suppose -2*u = 2*u - 28. Calculate the greatest common factor of j and u.
7
Let j be ((-4)/(-7))/((-24)/(-21) + -1). Let r be 50 + (j/(-2) - -1). Suppose 3*z - 3 = 3*v - 30, z = 2*v - 16. What is the greatest common divisor of v and r?
7
Let p be (33/12)/((-2)/(-8)). Suppose -1 + 5 = 2*l. Let k be ((-44)/(-16))/(l/24). Calculate the greatest common divisor of k and p.
11
Let v be -4 + 13/(-3)*-6. What is the greatest common divisor of 121 and v?
11
Suppose -4*n = 20, 4 = 5*s - n - 11. Suppose 0 = 2*u - 3*i - 53 + 55, 4*u - 5*i + 2 = 0. Calculate the highest common factor of u and s.
2
Suppose 638 = 11*c - 407. Calculate the highest common divisor of 20 and c.
5
Suppose -n + 0*n = -3. Suppose -5*q - 3*g + 39 = 0, -2 = -3*q - 2*g + 22. Suppose 37 + 161 = q*h. What is the greatest common factor of h and n?
3
Suppose 73*z = 74*z. Suppose -5*s - 3*s + 152 = z. Calculate the highest common divisor of 95 and s.
19
Let t = 70 - 20. Let x(h) = 3*h**2 + 27*h - 10. Let q be x(5). Calculate the highest common factor of q and t.
50
Let h = 188 + -36. Let t be 9/6*(-38)/(-3). What is the highest common factor of t and h?
19
Let q(s) = -s + 18. Let r be q(14). Suppose -2*a - 1 = -3*i, -r*a = -a - 3. What is the greatest common factor of 9 and i?
1
Suppose -2*a + 9 + 5 = 3*f, a + 4*f = 17. Let v = a - -1. Let t(r) = r**2 + 12*r + 22. Let s be t(-2). What is the greatest common divisor of s and v?
2
Suppose -2*v + 0*v = 6, -2*p = -2*v - 1004. Suppose -p = 4*a - r, r + 86 = -3*a - 297. Let o = -16 - a. What is the greatest common divisor of o and 10?
10
Let k(t) = -4*t - 13. Let l = 19 + -32. Let b = 3 +